e factors of f.
2
Let j(b) = -b + 8. Let a be j(6). Suppose -245 = -5*g + a*x + x, -5*x - 209 = -4*g. List the prime factors of g.
2, 23
Let s(w) be the first derivative of 6*w**2 + 57*w + 23. What are the prime factors of s(6)?
3, 43
Suppose -7*i = -11675 - 12741. List the prime factors of i.
2, 109
Let n be 0/(0 + -4 + 2). Suppose x + 4 = -5*m - 12, 0 = -5*x + 5*m + 40. Suppose -x*g = -3*h - 88, 3*g + n*g - 53 = -h. What are the prime factors of g?
19
List the prime factors of ((-1176)/(-245))/((-4)/(-370)).
2, 3, 37
Suppose 28*a - 4873 + 533 = 0. List the prime factors of a.
5, 31
Let c = 1015 - 724. List the prime factors of c.
3, 97
Suppose -2047 = -z - 46*m + 49*m, -4*z + 8160 = -5*m. What are the prime factors of z?
5, 11, 37
Suppose -119*g + 117*g = -3*f + 7516, f - 2497 = -g. What are the prime factors of f?
2, 3, 139
Let o = 11 - 7. Let z(j) = j**3 + 7*j**2 + 3*j - 8. Let y be z(-6). Suppose -5*t = -y, -o*i = 4*t - 2*t - 76. What are the prime factors of i?
2, 3
Let v = -516 + 990. What are the prime factors of v?
2, 3, 79
Suppose -p = 2*p - 9. Suppose 0 = -4*z - 12, p*i - z - 31 = -i. Suppose 5*q - 2*g - 69 = -4*g, -i = -q + 3*g. List the prime factors of q.
13
Let p(c) = 3*c**2 - 3*c + 4. Let n be p(4). Suppose n = -4*l + 364. List the prime factors of l.
3
Let j(p) = -8*p + 69. Suppose 3*m + 0*l + 8 = 4*l, m + 5*l - 10 = 0. What are the prime factors of j(m)?
3, 23
Let k(b) = -37*b - 15. Let u be k(-8). Let s = -149 + u. What are the prime factors of s?
2, 3, 11
Let k = 9 + -6. Suppose 4*y = 2*y - y. Suppose k*z = -y*z + 24. What are the prime factors of z?
2
Suppose -4*d + 16 = 4*d. Suppose -3*a + 334 = 3*r + d*r, 0 = a - 3. What are the prime factors of r?
5, 13
List the prime factors of (4/(-2))/(2*(-1)/179).
179
Suppose a = -3*m + 1080, a = 5*m - a - 1800. Suppose -5*i - 5*d + 505 = 0, -2*d - m = -4*i + 32. What are the prime factors of i?
3, 11
Let y = -3 + 4. Let u be y/(-4) + (-31)/4. List the prime factors of 18*((-28)/u + -2).
3
Let q(z) = z**3 - z**2 + z + 40. Let m be q(0). Suppose 20*f = 24*f - m. Let b(u) = u**3 - 11*u**2 + 14*u - 1. What are the prime factors of b(f)?
3, 13
What are the prime factors of 90/270 + 4078/6 + 0?
2, 5, 17
Suppose y - 4 + 7 = 0. Let h be (y - 1) + 2 + 5. Suppose -223 - 18 = -5*z - h*g, 35 = z + 5*g. What are the prime factors of z?
2, 5
Let f(u) = -u**2 + 8*u - 3. Suppose 3*a - 3 = 9. List the prime factors of f(a).
13
Let w be 6*(-7)/(63/(-6)). Suppose -u - 3*c = -3*u + 334, w*c = -3*u + 484. List the prime factors of u.
2, 41
Let j = 14 - 10. Suppose 7*t - 61 = j*t + 2*l, -4*t - l = -96. List the prime factors of t.
23
Let o(x) be the second derivative of -x**4/8 - x**3/2 + 4*x**2 - 4*x. Let d(p) be the first derivative of o(p). List the prime factors of d(-10).
3
Suppose 5*a + 9*k - 3675 = 4*k, -k + 3663 = 5*a. What are the prime factors of a?
2, 3, 61
Let l(v) = 3*v**2 + 4*v + 6. Let h be l(-4). What are the prime factors of 3 - h/6*(1 + -16)?
2, 7
Let u(b) be the third derivative of b**5/60 + 5*b**4/24 - 7*b**3/6 + 8*b**2. List the prime factors of u(3).
17
Let i = 191 + -18. List the prime factors of i.
173
Suppose 5*f = 2*i - i - 205, -1002 = -5*i + 2*f. What are the prime factors of i?
2, 5
Let u(s) = -s**2 - s - 6. Let j be u(0). Let w be j*((-8)/(-3))/4. List the prime factors of 4/w + (25 - -1).
5
Suppose -4*t + 276 = 2*u, u - 92 - 42 = -t. Let l = 19 + 63. Let n = u - l. What are the prime factors of n?
2, 3
Let w(m) = 15*m**3 + 4*m**2 - m + 5. Let g be w(3). Suppose 12 = u + 3*u, -u + g = 4*z. List the prime factors of z.
2, 5, 11
Suppose -1 - 7 = -j. Let q(l) = -l. Let f be q(j). Let x = f - -17. What are the prime factors of x?
3
Suppose x = -5*x + 750. List the prime factors of x.
5
Let j(s) = 3*s**3 - 7*s**2 + 8*s - 5. Let z be j(5). Let r = 343 + -272. Suppose -5*y + z - 86 = -3*q, -5*q = -2*y + r. List the prime factors of y.
2, 7
Let x(b) = 26*b - 22. Let f(p) = 10*p**3 + p**2. Let v be f(1). List the prime factors of x(v).
2, 3, 11
Suppose 2*n = -t + 5, 5*t - 6*n = -n + 10. Suppose 2*d - d - 5 = 0, -t*y - 3*d = -15. Suppose y = -7*a + 12*a - 35. What are the prime factors of a?
7
Let i(d) = d**3 + 7*d**2 + d + 11. Let q be i(-7). Let n(o) = -5*o + 2. Let h(w) = -w. Let a(c) = q*h(c) - n(c). What are the prime factors of a(6)?
2
Let d(g) = -g**3 - 6*g**2 + g + 119. Let c(n) = -2*n**3 - 7*n**2 + n + 118. Let b(m) = -2*c(m) + 3*d(m). What are the prime factors of b(0)?
11
Let n(a) = -a**3 + 5*a**2 + 2*a - 7. Let v be n(5). List the prime factors of (v - 5)/(3/(-27)).
2, 3
Suppose -9620 - 3183 = -7*r. List the prime factors of r.
31, 59
Let t(i) = -35*i + 46. List the prime factors of t(-15).
571
Suppose 1 = u - 10. Let o(m) = -m**3 + 10*m**2 + 9*m + 11. Let f be o(u). What are the prime factors of (6/10)/(f/(-110))?
2, 3
Let l(n) = 16*n - 1. Let m be l(-1). Suppose -9*x = -7*x + 5*d, -46 = -3*x + 4*d. Let y = x - m. List the prime factors of y.
3
Let h(p) = 5*p**2 + 16*p - 12*p - p**3 - 7*p - 1. Let m be h(4). Suppose 0 = -m*q + 14 + 7. What are the prime factors of q?
7
What are the prime factors of 1832/1 + -6*(-10)/15?
2, 3, 17
Let z = 44 - 24. Let h be 52/z + 6/15. Suppose 69 = h*l - b, 0 = 5*b + 10 - 25. List the prime factors of l.
2, 3
Let o = -712 - -1198. List the prime factors of o.
2, 3
Suppose 2*w + 2*l - 9020 = 0, 2297 = w + 3*l - 2203. List the prime factors of w.
3, 5, 7, 43
Let l = 69 - 26. Suppose -4*j = -433 - l. List the prime factors of j.
7, 17
Let m be (-8 - -10)/(2 - 0). What are the prime factors of -1 + m - (-121)/1?
11
Let w be 0 + 0 - 0/7. Suppose -9*o + 4*o + 110 = w. What are the prime factors of o?
2, 11
Suppose z - 2*z + 12 = 0. Let g be 12/z*(-4)/(-2). List the prime factors of 0 + (-12)/(g - 4).
2, 3
Suppose -2 = a, -2*c - 5*a - 50 = -7*c. Suppose -2*t = 3*b - 66, 5*t + 4*b - 64 - 101 = 0. Suppose 2*r = c, -u + r + t = 5*r. List the prime factors of u.
17
Let u(a) = a**3 + 4*a**2 - 6*a - 6. Let h = 22 + -26. Let c = -8 - h. What are the prime factors of u(c)?
2, 3
Suppose 3*k - 4*s = 9142 + 5600, 9 = 3*s. What are the prime factors of k?
2, 2459
Suppose -3*j - 13 = -22. Suppose -j*k + 672 = 5*p, -3*p - k = k - 404. List the prime factors of p.
2, 3, 11
List the prime factors of (-3)/12 - (-1993)/4.
2, 3, 83
Suppose 3*c + 2*h = -10, 7 + 13 = -2*c - 4*h. Suppose c = f + f - 8. Suppose g = f*g - 66. What are the prime factors of g?
2, 11
Let p = 81 + -67. Suppose 29 = p*b - 41. List the prime factors of b.
5
Suppose 5*k + 5*a = 485, 5*a = 24*k - 23*k - 109. List the prime factors of k.
3, 11
Let x = -24 - 67. Let d = -61 - x. List the prime factors of d.
2, 3, 5
Suppose 21 = 5*b - 49. Suppose -j + w = -6, 0 = j - 3*w + 6 - b. Suppose 4 = -a + 3, -3*k + j*a + 143 = 0. What are the prime factors of k?
2, 23
Let x(d) = -2*d**3 - d**2 - 4*d - 3. Let s be (-84)/(-36) - 8/6. Let b be -2 - -2 - s - 1. List the prime factors of x(b).
17
Let w be (-11)/(44/(-112)) - -2*1. List the prime factors of (456/(-20))/((-4)/w).
3, 19
List the prime factors of 5/(-10)*(-11960)/4 - -2.
3, 499
Let k be 1/(-3) - (-120)/(-18). Let s(q) = -q**3 - 7*q**2 + 8. Let y be s(k). Let d = 20 - y. What are the prime factors of d?
2, 3
Let b be (-1 + 163)/((-14)/(-49)). Suppose 0 = -f - 6*f + b. What are the prime factors of f?
3
Suppose -42*d = -19108 - 80810. List the prime factors of d.
3, 13, 61
What are the prime factors of (-24802)/(-6) + (-40)/(-540)*18?
5, 827
Let d = 7 - 4. Suppose 0 = -8*p + d*p + 10. Suppose 3*s = -3, -95 = -p*q - 2*q - 5*s. List the prime factors of q.
5
Let r(v) = -4*v + 7. Let z(i) = -38*i + i**3 - 7*i**2 + 42*i + 7 + 0 - 1. Let g be z(6). What are the prime factors of r(g)?
31
Suppose 4*h + 272 = 2*j, 4*j + 2*h = h + 580. List the prime factors of j.
2, 3
Suppose -50*d = -54*d + 32. Let f(k) = 2*k**2 - 4*k + 2. Let h be f(5). What are the prime factors of (-8)/h + 186/d?
23
Suppose -5*k - 5675 = -5*p, 4*p - 5*k + 4540 = 8*p. What are the prime factors of p?
5, 227
Suppose 0 = f - 3 + 1. Suppose -2*k = -g + 114, 0*k + f*g + 126 = -2*k. Let o = -35 - k. What are the prime factors of o?
2, 3
Suppose -4*x + 3*h = 14 - 0, -2*x - 12 = -4*h. Let j = x + 7. Suppose 4*d - 119 = -j*s, -s + 92 = 2*d + d. List the prime factors of d.
31
Suppose 2*b - 3